[INFO] cloning repository https://github.com/KlausVii/rusty-bucket
[INFO] running `Command { std: "git" "-c" "credential.helper=" "-c" "credential.helper=/workspace/cargo-home/bin/git-credential-null" "clone" "--bare" "https://github.com/KlausVii/rusty-bucket" "/workspace/cache/git-repos/https%3A%2F%2Fgithub.com%2FKlausVii%2Frusty-bucket", kill_on_drop: false }`
[INFO] [stderr] Cloning into bare repository '/workspace/cache/git-repos/https%3A%2F%2Fgithub.com%2FKlausVii%2Frusty-bucket'...
[INFO] running `Command { std: "git" "rev-parse" "HEAD", kill_on_drop: false }`
[INFO] [stdout] 0ecbe9964fbcf5f520ee1dbaf70f08728ad2b96f
[INFO] checking KlausVii/rusty-bucket against try#72f88fc4e9458f89516a0b8b0868f3718aec5b47 for pr-74989
[INFO] running `Command { std: "git" "clone" "/workspace/cache/git-repos/https%3A%2F%2Fgithub.com%2FKlausVii%2Frusty-bucket" "/workspace/builds/worker-4/source", kill_on_drop: false }`
[INFO] [stderr] Cloning into '/workspace/builds/worker-4/source'...
[INFO] [stderr] done.
[INFO] validating manifest of git repo https://github.com/KlausVii/rusty-bucket on toolchain 72f88fc4e9458f89516a0b8b0868f3718aec5b47
[INFO] running `Command { std: "/workspace/cargo-home/bin/cargo" "+72f88fc4e9458f89516a0b8b0868f3718aec5b47" "read-manifest" "--manifest-path" "Cargo.toml", kill_on_drop: false }`
[INFO] started tweaking git repo https://github.com/KlausVii/rusty-bucket
[INFO] removed path dependency euler from git repo https://github.com/KlausVii/rusty-bucket
[INFO] finished tweaking git repo https://github.com/KlausVii/rusty-bucket
[INFO] tweaked toml for git repo https://github.com/KlausVii/rusty-bucket written to /workspace/builds/worker-4/source/Cargo.toml
[INFO] crate git repo https://github.com/KlausVii/rusty-bucket already has a lockfile, it will not be regenerated
[INFO] running `Command { std: "/workspace/cargo-home/bin/cargo" "+72f88fc4e9458f89516a0b8b0868f3718aec5b47" "fetch" "--locked" "--manifest-path" "Cargo.toml", kill_on_drop: false }`
[INFO] [stderr] warning: dependency (euler) specified without providing a local path, Git repository, or version to use. This will be considered an error in future versions
[INFO] [stderr]     Blocking waiting for file lock on package cache
[INFO] [stderr]     Updating crates.io index
[INFO] [stderr] error: the lock file /workspace/builds/worker-4/source/Cargo.lock needs to be updated but --locked was passed to prevent this
[INFO] [stderr] If you want to try to generate the lock file without accessing the network, use the --offline flag.
[INFO] the lockfile is outdated, regenerating it
[INFO] running `Command { std: "/workspace/cargo-home/bin/cargo" "+72f88fc4e9458f89516a0b8b0868f3718aec5b47" "generate-lockfile" "--manifest-path" "Cargo.toml" "-Zno-index-update", kill_on_drop: false }`
[INFO] [stderr]     Blocking waiting for file lock on package cache
[INFO] running `Command { std: "/workspace/cargo-home/bin/cargo" "+72f88fc4e9458f89516a0b8b0868f3718aec5b47" "fetch" "--locked" "--manifest-path" "Cargo.toml", kill_on_drop: false }`
[INFO] [stderr] warning: dependency (euler) specified without providing a local path, Git repository, or version to use. This will be considered an error in future versions
[INFO] [stderr]     Blocking waiting for file lock on package cache
[INFO] [stderr]     Blocking waiting for file lock on package cache
[INFO] [stderr]  Downloading crates ...
[INFO] [stderr]   Downloaded euler v0.4.0
[INFO] running `Command { std: "docker" "create" "-v" "/var/lib/crater-agent-workspace/builds/worker-4/target:/opt/rustwide/target:rw,Z" "-v" "/var/lib/crater-agent-workspace/builds/worker-4/source:/opt/rustwide/workdir:ro,Z" "-v" "/var/lib/crater-agent-workspace/cargo-home:/opt/rustwide/cargo-home:ro,Z" "-v" "/var/lib/crater-agent-workspace/rustup-home:/opt/rustwide/rustup-home:ro,Z" "-e" "SOURCE_DIR=/opt/rustwide/workdir" "-e" "CARGO_TARGET_DIR=/opt/rustwide/target" "-e" "CARGO_HOME=/opt/rustwide/cargo-home" "-e" "RUSTUP_HOME=/opt/rustwide/rustup-home" "-w" "/opt/rustwide/workdir" "-m" "1610612736" "--user" "0:0" "--network" "none" "rustops/crates-build-env@sha256:d92eaeed33fa75130ca1ee6c8a01d1ffb62bac859dfdfb3450e3e5d1c0146529" "/opt/rustwide/cargo-home/bin/cargo" "+72f88fc4e9458f89516a0b8b0868f3718aec5b47" "metadata" "--no-deps" "--format-version=1", kill_on_drop: false }`
[INFO] [stdout] 9c6af2f4a7284cde1053c82712133214c7c5a40629a3be5f8ae88686eb708a20
[INFO] [stderr] WARNING: Your kernel does not support swap limit capabilities or the cgroup is not mounted. Memory limited without swap.
[INFO] running `Command { std: "docker" "start" "-a" "9c6af2f4a7284cde1053c82712133214c7c5a40629a3be5f8ae88686eb708a20", kill_on_drop: false }`
[INFO] running `Command { std: "docker" "inspect" "9c6af2f4a7284cde1053c82712133214c7c5a40629a3be5f8ae88686eb708a20", kill_on_drop: false }`
[INFO] running `Command { std: "docker" "rm" "-f" "9c6af2f4a7284cde1053c82712133214c7c5a40629a3be5f8ae88686eb708a20", kill_on_drop: false }`
[INFO] [stdout] 9c6af2f4a7284cde1053c82712133214c7c5a40629a3be5f8ae88686eb708a20
[INFO] running `Command { std: "docker" "create" "-v" "/var/lib/crater-agent-workspace/builds/worker-4/target:/opt/rustwide/target:rw,Z" "-v" "/var/lib/crater-agent-workspace/builds/worker-4/source:/opt/rustwide/workdir:ro,Z" "-v" "/var/lib/crater-agent-workspace/cargo-home:/opt/rustwide/cargo-home:ro,Z" "-v" "/var/lib/crater-agent-workspace/rustup-home:/opt/rustwide/rustup-home:ro,Z" "-e" "SOURCE_DIR=/opt/rustwide/workdir" "-e" "CARGO_TARGET_DIR=/opt/rustwide/target" "-e" "CARGO_INCREMENTAL=0" "-e" "RUST_BACKTRACE=full" "-e" "RUSTFLAGS=--cap-lints=forbid" "-e" "CARGO_HOME=/opt/rustwide/cargo-home" "-e" "RUSTUP_HOME=/opt/rustwide/rustup-home" "-w" "/opt/rustwide/workdir" "-m" "1610612736" "--user" "0:0" "--network" "none" "rustops/crates-build-env@sha256:d92eaeed33fa75130ca1ee6c8a01d1ffb62bac859dfdfb3450e3e5d1c0146529" "/opt/rustwide/cargo-home/bin/cargo" "+72f88fc4e9458f89516a0b8b0868f3718aec5b47" "check" "--frozen" "--all" "--all-targets" "--message-format=json", kill_on_drop: false }`
[INFO] [stdout] 01830c6b24296d6417f04e9f602029bb820c23d44645e9a67a066994f0ea7365
[INFO] [stderr] WARNING: Your kernel does not support swap limit capabilities or the cgroup is not mounted. Memory limited without swap.
[INFO] running `Command { std: "docker" "start" "-a" "01830c6b24296d6417f04e9f602029bb820c23d44645e9a67a066994f0ea7365", kill_on_drop: false }`
[INFO] [stderr] warning: dependency (euler) specified without providing a local path, Git repository, or version to use. This will be considered an error in future versions
[INFO] [stderr]    Compiling version_check v0.9.2
[INFO] [stderr]    Compiling unicode-xid v0.2.1
[INFO] [stderr]    Compiling cgmath v0.16.1
[INFO] [stderr]    Compiling proc-macro-hack v0.5.18
[INFO] [stderr]     Checking approx v0.1.1
[INFO] [stderr]     Checking rand v0.4.6
[INFO] [stderr]    Compiling proc-macro2 v1.0.21
[INFO] [stderr]    Compiling standback v0.2.10
[INFO] [stderr]    Compiling time v0.2.19
[INFO] [stderr]    Compiling quote v1.0.7
[INFO] [stderr]    Compiling syn v1.0.40
[INFO] [stderr]     Checking euler v0.4.0
[INFO] [stderr]    Compiling time-macros-impl v0.1.1
[INFO] [stderr]     Checking time-macros v0.1.0
[INFO] [stderr]     Checking rusty-sync v0.1.0 (/opt/rustwide/workdir)
[INFO] [stdout] error[E0425]: cannot find function `euler_maker_par` in crate `euler`
[INFO] [stdout]   --> src/main.rs:10:26
[INFO] [stdout]    |
[INFO] [stdout] 10 |     let par_res = euler::euler_maker_par(n);
[INFO] [stdout]    |                          ^^^^^^^^^^^^^^^ not found in `euler`
[INFO] [stdout] 
[INFO] [stdout] 
[INFO] [stdout] error[E0425]: cannot find function `euler_maker` in crate `euler`
[INFO] [stdout]   --> src/main.rs:14:22
[INFO] [stdout]    |
[INFO] [stdout] 14 |     let res = euler::euler_maker(n);
[INFO] [stdout]    |                      ^^^^^^^^^^^ not found in `euler`
[INFO] [stdout] 
[INFO] [stdout] 
[INFO] [stdout] warning: use of deprecated type alias `time::PreciseTime`: Use `Instant`
[INFO] [stdout]  --> src/main.rs:1:5
[INFO] [stdout]   |
[INFO] [stdout] 1 | use time::PreciseTime;
[INFO] [stdout]   |     ^^^^^^^^^^^^^^^^^
[INFO] [stdout]   |
[INFO] [stdout]   = note: `#[warn(deprecated)]` on by default
[INFO] [stdout] 
[INFO] [stdout] 
[INFO] [stdout] warning: use of deprecated type alias `time::PreciseTime`: Use `Instant`
[INFO] [stdout]  --> src/main.rs:9:21
[INFO] [stdout]   |
[INFO] [stdout] 9 |     let par_start = PreciseTime::now();
[INFO] [stdout]   |                     ^^^^^^^^^^^^^^^^
[INFO] [stdout] 
[INFO] [stdout] 
[INFO] [stdout] warning: use of deprecated type alias `time::PreciseTime`: Use `Instant`
[INFO] [stdout]   --> src/main.rs:11:19
[INFO] [stdout]    |
[INFO] [stdout] 11 |     let par_end = PreciseTime::now();
[INFO] [stdout]    |                   ^^^^^^^^^^^^^^^^
[INFO] [stdout] 
[INFO] [stdout] 
[INFO] [stdout] warning: use of deprecated type alias `time::PreciseTime`: Use `Instant`
[INFO] [stdout]   --> src/main.rs:13:17
[INFO] [stdout]    |
[INFO] [stdout] 13 |     let start = PreciseTime::now();
[INFO] [stdout]    |                 ^^^^^^^^^^^^^^^^
[INFO] [stdout] 
[INFO] [stdout] 
[INFO] [stdout] warning: use of deprecated type alias `time::PreciseTime`: Use `Instant`
[INFO] [stdout]   --> src/main.rs:15:15
[INFO] [stdout]    |
[INFO] [stdout] 15 |     let end = PreciseTime::now();
[INFO] [stdout]    |               ^^^^^^^^^^^^^^^^
[INFO] [stdout] 
[INFO] [stdout] 
[INFO] [stdout] warning: use of deprecated associated function `time::Instant::to`: Use `rhs - lhs`
[INFO] [stdout]   --> src/main.rs:17:56
[INFO] [stdout]    |
[INFO] [stdout] 17 |     println!("{} seconds for parallel e {}", par_start.to(par_end), par_res);
[INFO] [stdout]    |                                                        ^^
[INFO] [stdout] 
[INFO] [stdout] 
[INFO] [stdout] error[E0425]: cannot find function `euler_maker_par` in crate `euler`
[INFO] [stdout]   --> src/main.rs:10:26
[INFO] [stdout]    |
[INFO] [stdout] 10 |     let par_res = euler::euler_maker_par(n);
[INFO] [stdout]    |                          ^^^^^^^^^^^^^^^ not found in `euler`
[INFO] [stdout] 
[INFO] [stdout] 
[INFO] [stdout] error[E0425]: cannot find function `euler_maker` in crate `euler`
[INFO] [stdout]   --> src/main.rs:14:22
[INFO] [stdout]    |
[INFO] [stdout] 14 |     let res = euler::euler_maker(n);
[INFO] [stdout]    |                      ^^^^^^^^^^^ not found in `euler`
[INFO] [stdout] 
[INFO] [stdout] 
[INFO] [stdout] warning: use of deprecated type alias `time::PreciseTime`: Use `Instant`
[INFO] [stdout]  --> src/main.rs:1:5
[INFO] [stdout]   |
[INFO] [stdout] 1 | use time::PreciseTime;
[INFO] [stdout]   |     ^^^^^^^^^^^^^^^^^
[INFO] [stdout]   |
[INFO] [stdout]   = note: `#[warn(deprecated)]` on by default
[INFO] [stdout] 
[INFO] [stdout] 
[INFO] [stdout] warning: use of deprecated type alias `time::PreciseTime`: Use `Instant`
[INFO] [stdout]  --> src/main.rs:9:21
[INFO] [stdout]   |
[INFO] [stdout] 9 |     let par_start = PreciseTime::now();
[INFO] [stdout]   |                     ^^^^^^^^^^^^^^^^
[INFO] [stdout] 
[INFO] [stdout] 
[INFO] [stdout] warning: use of deprecated type alias `time::PreciseTime`: Use `Instant`
[INFO] [stdout]   --> src/main.rs:11:19
[INFO] [stdout]    |
[INFO] [stdout] 11 |     let par_end = PreciseTime::now();
[INFO] [stdout]    |                   ^^^^^^^^^^^^^^^^
[INFO] [stdout] 
[INFO] [stdout] 
[INFO] [stdout] warning: use of deprecated type alias `time::PreciseTime`: Use `Instant`
[INFO] [stdout]   --> src/main.rs:13:17
[INFO] [stdout]    |
[INFO] [stdout] 13 |     let start = PreciseTime::now();
[INFO] [stdout]    |                 ^^^^^^^^^^^^^^^^
[INFO] [stdout] 
[INFO] [stdout] 
[INFO] [stdout] warning: use of deprecated type alias `time::PreciseTime`: Use `Instant`
[INFO] [stdout]   --> src/main.rs:15:15
[INFO] [stdout]    |
[INFO] [stdout] 15 |     let end = PreciseTime::now();
[INFO] [stdout]    |               ^^^^^^^^^^^^^^^^
[INFO] [stdout] 
[INFO] [stdout] 
[INFO] [stdout] warning: use of deprecated associated function `time::Instant::to`: Use `rhs - lhs`
[INFO] [stdout]   --> src/main.rs:17:56
[INFO] [stdout]    |
[INFO] [stdout] 17 |     println!("{} seconds for parallel e {}", par_start.to(par_end), par_res);
[INFO] [stdout]    |                                                        ^^
[INFO] [stdout] 
[INFO] [stdout] 
[INFO] [stdout] error[E0277]: `time::Duration` doesn't implement `std::fmt::Display`
[INFO] [stdout]   --> src/main.rs:17:46
[INFO] [stdout]    |
[INFO] [stdout] 17 |     println!("{} seconds for parallel e {}", par_start.to(par_end), par_res);
[INFO] [stdout]    |                                              ^^^^^^^^^^^^^^^^^^^^^ `time::Duration` cannot be formatted with the default formatter
[INFO] [stdout]    |
[INFO] [stdout]    = help: the trait `std::fmt::Display` is not implemented for `time::Duration`
[INFO] [stdout]    = note: in format strings you may be able to use `{:?}` (or {:#?} for pretty-print) instead
[INFO] [stdout]    = note: required by `std::fmt::Display::fmt`
[INFO] [stdout]    = note: this error originates in a macro (in Nightly builds, run with -Z macro-backtrace for more info)
[INFO] [stdout] 
[INFO] [stdout] 
[INFO] [stdout] warning: use of deprecated associated function `time::Instant::to`: Use `rhs - lhs`
[INFO] [stdout]   --> src/main.rs:18:57
[INFO] [stdout]    |
[INFO] [stdout] 18 |     println!("{} seconds for single thread e {}", start.to(end), res);
[INFO] [stdout]    |                                                         ^^
[INFO] [stdout] 
[INFO] [stdout] 
[INFO] [stdout] error[E0277]: `time::Duration` doesn't implement `std::fmt::Display`
[INFO] [stdout]   --> src/main.rs:18:51
[INFO] [stdout]    |
[INFO] [stdout] 18 |     println!("{} seconds for single thread e {}", start.to(end), res);
[INFO] [stdout]    |                                                   ^^^^^^^^^^^^^ `time::Duration` cannot be formatted with the default formatter
[INFO] [stdout]    |
[INFO] [stdout]    = help: the trait `std::fmt::Display` is not implemented for `time::Duration`
[INFO] [stdout]    = note: in format strings you may be able to use `{:?}` (or {:#?} for pretty-print) instead
[INFO] [stdout]    = note: required by `std::fmt::Display::fmt`
[INFO] [stdout]    = note: this error originates in a macro (in Nightly builds, run with -Z macro-backtrace for more info)
[INFO] [stdout] 
[INFO] [stdout] 
[INFO] [stdout] error: aborting due to 4 previous errors; 7 warnings emitted
[INFO] [stdout] 
[INFO] [stdout] 
[INFO] [stdout] Some errors have detailed explanations: E0277, E0425.
[INFO] [stdout] 
[INFO] [stdout] For more information about an error, try `rustc --explain E0277`.
[INFO] [stdout] 
[INFO] [stderr] error: could not compile `rusty-sync`.
[INFO] [stderr] 
[INFO] [stderr] To learn more, run the command again with --verbose.
[INFO] [stderr] warning: build failed, waiting for other jobs to finish...
[INFO] [stdout] error[E0277]: `time::Duration` doesn't implement `std::fmt::Display`
[INFO] [stdout]   --> src/main.rs:17:46
[INFO] [stdout]    |
[INFO] [stdout] 17 |     println!("{} seconds for parallel e {}", par_start.to(par_end), par_res);
[INFO] [stdout]    |                                              ^^^^^^^^^^^^^^^^^^^^^ `time::Duration` cannot be formatted with the default formatter
[INFO] [stdout]    |
[INFO] [stdout]    = help: the trait `std::fmt::Display` is not implemented for `time::Duration`
[INFO] [stdout]    = note: in format strings you may be able to use `{:?}` (or {:#?} for pretty-print) instead
[INFO] [stdout]    = note: required by `std::fmt::Display::fmt`
[INFO] [stdout]    = note: this error originates in a macro (in Nightly builds, run with -Z macro-backtrace for more info)
[INFO] [stdout] 
[INFO] [stdout] 
[INFO] [stdout] warning: use of deprecated associated function `time::Instant::to`: Use `rhs - lhs`
[INFO] [stdout]   --> src/main.rs:18:57
[INFO] [stdout]    |
[INFO] [stdout] 18 |     println!("{} seconds for single thread e {}", start.to(end), res);
[INFO] [stdout]    |                                                         ^^
[INFO] [stdout] 
[INFO] [stdout] 
[INFO] [stdout] error[E0277]: `time::Duration` doesn't implement `std::fmt::Display`
[INFO] [stdout]   --> src/main.rs:18:51
[INFO] [stdout]    |
[INFO] [stdout] 18 |     println!("{} seconds for single thread e {}", start.to(end), res);
[INFO] [stdout]    |                                                   ^^^^^^^^^^^^^ `time::Duration` cannot be formatted with the default formatter
[INFO] [stdout]    |
[INFO] [stdout]    = help: the trait `std::fmt::Display` is not implemented for `time::Duration`
[INFO] [stdout]    = note: in format strings you may be able to use `{:?}` (or {:#?} for pretty-print) instead
[INFO] [stdout]    = note: required by `std::fmt::Display::fmt`
[INFO] [stdout]    = note: this error originates in a macro (in Nightly builds, run with -Z macro-backtrace for more info)
[INFO] [stdout] 
[INFO] [stdout] 
[INFO] [stdout] error: aborting due to 4 previous errors; 7 warnings emitted
[INFO] [stdout] 
[INFO] [stdout] 
[INFO] [stdout] Some errors have detailed explanations: E0277, E0425.
[INFO] [stdout] 
[INFO] [stdout] For more information about an error, try `rustc --explain E0277`.
[INFO] [stdout] 
[INFO] [stderr] error: build failed
[INFO] running `Command { std: "docker" "inspect" "01830c6b24296d6417f04e9f602029bb820c23d44645e9a67a066994f0ea7365", kill_on_drop: false }`
[INFO] running `Command { std: "docker" "rm" "-f" "01830c6b24296d6417f04e9f602029bb820c23d44645e9a67a066994f0ea7365", kill_on_drop: false }`
[INFO] [stdout] 01830c6b24296d6417f04e9f602029bb820c23d44645e9a67a066994f0ea7365
